d 3944.
8
Calculate the highest common factor of 35970 and 90.
30
What is the highest common divisor of 150576 and 240?
48
What is the greatest common factor of 10519 and 2077?
67
What is the greatest common factor of 89 and 20737?
89
What is the greatest common divisor of 188 and 18659?
47
What is the greatest common divisor of 395063 and 289?
289
What is the highest common factor of 27 and 3436371?
27
Calculate the greatest common factor of 34 and 8436063.
17
Calculate the greatest common divisor of 1272994 and 34.
34
What is the highest common divisor of 150 and 4385625?
75
What is the greatest common factor of 16439 and 85?
17
What is the highest common factor of 12 and 539004?
12
What is the greatest common factor of 1728348 and 156?
12
Calculate the greatest common divisor of 3311 and 18810.
11
What is the greatest common divisor of 5231 and 2?
1
What is the greatest common factor of 16100 and 560?
140
Calculate the highest common factor of 468 and 7592.
52
Calculate the greatest common divisor of 18910 and 220.
10
Calculate the highest common divisor of 178713 and 81.
27
Calculate the highest common factor of 4950 and 189450.
450
What is the highest common divisor of 3525 and 70641?
141
Calculate the greatest common divisor of 5 and 26530.
5
What is the highest common factor of 17015 and 46945?
205
Calculate the highest common factor of 6580 and 94940.
940
What is the greatest common divisor of 27334 and 10112?
158
Calculate the highest common divisor of 3972 and 1056.
12
Calculate the greatest common factor of 18752 and 40727.
293
What is the highest common divisor of 2014 and 10706?
106
Calculate the highest common factor of 6061 and 29.
29
What is the greatest common factor of 81543 and 12111?
33
What is the greatest common factor of 108595 and 3515?
185
Calculate the highest common factor of 23277 and 9.
3
Calculate the greatest common divisor of 424 and 6.
2
Calculate the highest common divisor of 339 and 337983.
339
What is the highest common factor of 1374740 and 20?
20
What is the greatest common factor of 6 and 1556?
2
Calculate the greatest common divisor of 335652 and 120.
12
What is the greatest common divisor of 38 and 1042?
2
Calculate the highest common factor of 32 and 3176.
8
What is the highest common factor of 118547 and 143?
143
What is the greatest common divisor of 162 and 2439?
9
Calculate the greatest common factor of 6492 and 48.
12
What is the greatest common factor of 19550 and 414?
46
Calculate the greatest common factor of 447120 and 805.
115
What is the greatest common factor of 15500 and 16500?
500
What is the greatest common factor of 725 and 6400?
25
What is the highest common divisor of 7176 and 832?
104
Calculate the highest common factor of 720 and 738360.
360
What is the greatest common divisor of 26208 and 72?
72
Calculate the greatest common divisor of 101979 and 157375.
1259
What is the highest common divisor of 1118 and 8428?
86
What is the greatest common divisor of 46 and 1094?
2
Calculate the highest common divisor of 2241664 and 249.
83
Calculate the greatest common divisor of 2564247 and 483.
483
Calculate the greatest common factor of 12772 and 16274.
206
Calculate the highest common factor of 368 and 153364.
92
What is the greatest common factor of 4808 and 20?
4
What is the greatest common factor of 2060058 and 2574?
858
Calculate the highest common factor of 104845 and 26.
13
Calculate the greatest common factor of 10126 and 1660.
166
Calculate the greatest common factor of 21 and 610344.
21
What is the greatest common divisor of 56571 and 1635?
327
What is the greatest common factor of 5279290 and 10?
10
Calculate the highest common factor of 7425 and 480.
15
Calculate the greatest common divisor of 280 and 7190.
10
Calculate the greatest common factor of 4400 and 240.
80
What is the greatest common factor of 24 and 198280?
8
What is the highest common factor of 48387 and 5715?
381
Calculate the greatest common factor of 8524 and 52.
4
What is the greatest common divisor of 98084 and 108500?
868
Calculate the highest common divisor of 32 and 197.
1
What is the greatest common divisor of 600 and 67900?
100
Calculate the highest common divisor of 116180 and 2512.
628
Calculate the greatest common divisor of 63165 and 105.
15
Calculate the highest common divisor of 189 and 395423.
7
Calculate the highest common factor of 17068 and 1292.
68
What is the greatest common factor of 31024 and 1246?
14
What is the greatest common divisor of 13 and 7223?
1
Calculate the highest common divisor of 26 and 80639.
13
What is the greatest common factor of 855 and 28899?
171
What is the greatest common divisor of 868 and 3541812?
124
Calculate the greatest common factor of 2254 and 63434.
322
Calculate the highest common factor of 1 and 439.
1
Calculate the highest common divisor of 420 and 48972.
84
What is the highest common factor of 21450 and 850?
50
Calculate the greatest common factor of 130 and 521872.
26
What is the greatest common factor of 109867 and 2428?
607
Calculate the highest common factor of 14 and 10372.
2
Calculate the highest common factor of 170 and 40834.
34
Calculate the highest common divisor of 50140 and 180.
20
Calculate the greatest common factor of 36 and 53940.
12
Calculate the highest common divisor of 163153 and 2493.
277
What is the greatest common factor of 5633 and 17200?
43
Calculate the highest common factor of 21398 and 65.
13
What is the highest common factor of 5963 and 356?
89
What is the greatest common divisor of 2067 and 764101?
689
Calculate the greatest common divisor of 122992 and 16.
16
What is the greatest common factor of 19568 and 244?
4
Calculate the greatest common factor of 948 and 5451.
237
Calculate the highest common factor of 15 and 1971.
3
What is the highest common factor of 78 and 430638?
78
What is the highest common factor of 12 and 3092568?
12
What is the highest common factor of 60178 and 2?
2
Calculate the highest common divisor of 3614 and 12636.
26
What is the highest common divisor of 3443576 and 232?
232
What is the greatest common divisor of 112706 and 1551?
517
What is the greatest common divisor of 837 and 94457?
31
Calculate the greatest common factor of 253 and 2967.
23
Calculate the highest common factor of 248 and 416888.
248
What is the greatest common divisor of 27264 and 7764?
12
Calculate the highest common divisor of 13157 and 1829.
59
Calculate the highest common factor of 104 and 176896.
8
What is the highest common divisor of 47859 and 318?
159
What is the greatest common factor of 580950 and 450?
450
Calculate the greatest common divisor of 110 and 451000.
110
Calculate the greatest common divisor of 429146 and 2290.
458
Calculate the greatest common factor of 966 and 63.
21
Calculate the highest common factor of 64 and 5128.
8
Calculate the highest common divisor of 870 and 28420.
290
Calculate the greatest common divisor of 32805 and 945.
135
What is the highest common factor of 6864 and 2064?
48
Calculate the highest common factor of 52585 and 130.
65
What is the greatest common divisor of 2682 and 22201?
149
What is the greatest common divisor of 32 and 253632?
32
What is the greatest common divisor of 15922 and 209?
19
Calculate the highest common divisor of 33 and 52261.
11
What is the highest common factor of 5597 and 1711?
29
What is the highest common factor of 26650 and 90350?
650
What is the greatest common divisor of 177105 and 15?
15
What is the greatest common factor of 15 and 150585?
15
Calculate the greatest common divisor of 134971 and 284.
71
Calculate the greatest common divisor of 169 and 1282671.
13
Calculate the highest common factor of 1324 and 148619.
331
What is the greatest common divisor of 496 and 18662?
62
Calculate the greatest common divisor of 98379 and 612.
153
What is the highest common factor of 2429 and 161?
7
What is the greatest common divisor of 255 and 69972?
51
Calculate the greatest common factor of 992 and 865568.
32
What is the highest common factor of 348 and 136938?
174
What is the greatest common divisor of 228 and 17214?
114
Calculate the highest common factor of 283 and 132161.
283
Calculate the greatest common factor of 1043583 and 1002.
501
Calculate the greatest co